0)?
87
Let n(x) = -65*x**2 - 1040*x + 6810. Give n(-21).
-15
Let g(l) = 2*l**2 - 203*l + 3295. What is g(80)?
-145
Let i(u) = 2159*u + 11819. Give i(-6).
-1135
Let z(m) = 78*m**3 - 941*m**2 + 68*m - 119. What is z(12)?
-23
Let h(c) = -6*c**3 - 60*c**2 - 98*c - 38. Give h(-1).
6
Let s(v) = -12898*v - 77405. What is s(-6)?
-17
Let d(a) = -291*a - 55606. What is d(-192)?
266
Let d(s) = s**2 + 414*s + 8551. What is d(-392)?
-73
Let t(n) = -43208*n - 3240603. Calculate t(-75).
-3
Let g(p) = 13*p**3 + 4*p**2 + 1453*p + 5811. Determine g(-4).
-769
Let c(z) = -2*z**2 - 205*z + 4075. What is c(-121)?
-402
Let g(s) = 6*s**3 - 141*s**2 + 159*s - 53. Determine g(23).
2017
Let s(y) = 2*y**2 + 28*y + 108. Determine s(-7).
10
Let n(g) = -2*g**2 - 1805*g - 328636. What is n(-253)?
11
Let p(u) = -171*u + 6866. Determine p(28).
2078
Let x(h) = -3*h**2 - 678*h - 16981. Determine x(-28).
-349
Let y(j) = -21*j**2 + 846*j - 6836. Determine y(29).
37
Let k(b) = -350*b**3 - 2102*b**2 - 4*b + 35. Determine k(-6).
-13
Let j(v) = -430*v**2 - 4302*v + 7. Calculate j(-10).
27
Let n(m) = 14158*m**2 - 226531*m + 41. What is n(16)?
-7
Let k(a) = a**2 - 4650*a - 287375. Calculate k(-61).
-4
Let u(k) = k**2 + 27*k - 1970. What is u(20)?
-1030
Let o(u) = 922*u - 32279. Give o(33).
-1853
Let c(w) = 9473246*w + 75785973. What is c(-8)?
5
Let p(o) = o**3 + 36*o**2 - 117*o + 36. Give p(3).
36
Let z(m) = -43*m**2 + 5179*m + 225791. What is z(-34)?
-3
Let k(j) = j**2 - 2541*j - 212374. Calculate k(-81).
8
Let i(m) = -2*m**2 - 2048*m - 89969. Give i(-46).
7
Let y(q) = -q**2 + 963*q + 6680. Determine y(-7).
-110
Let p(v) = -5*v**2 - 792*v - 3228. Calculate p(-4).
-140
Let l(f) = 270*f**3 - 44*f**2 - 41*f + 2. Give l(-1).
-271
Let a(h) = -413*h - 2106. Determine a(-4).
-454
Let y(s) = 71490*s + 500428. Determine y(-7).
-2
Let k(b) = 35*b**3 + 18*b**2 - 558*b + 540. Determine k(1).
35
Let j(s) = 4617*s + 4067583. Calculate j(-881).
6
Let r(x) = x**3 - 12*x**2 - 208*x + 2610. Give r(12).
114
Let u(s) = 42*s**2 - 2916*s + 33295. What is u(55)?
-35
Let r(n) = -n**3 - n**2 - 4336*n + 17419. What is r(4)?
-5
Let x(i) = -1560*i - 6208. Give x(-4).
32
Let q(c) = c**3 + 21*c**2 - 1526*c + 217. Give q(-51).
13
Let v(h) = h**3 + 7*h**2 - 83*h + 2072. Give v(-18).
2
Let o(z) = -3*z**3 - 2*z**2 - 2228*z - 15531. Calculate o(-7).
996
Let s(d) = -23416*d + 69555. Determine s(3).
-693
Let l(c) = -5*c**2 - 680*c + 47889. Calculate l(-187).
204
Let n(a) = 179*a**2 + 260*a + 82. Determine n(-1).
1
Let c(u) = -u**2 + 195*u + 15416. Give c(-61).
-200
Let y(s) = 4*s**2 - 160*s - 133. Determine y(37).
-577
Let m(r) = -2*r**3 - 49*r**2 + 155*r + 6. Determine m(-27).
-534
Let r(w) = -3*w**2 - 4406*w - 39385. Calculate r(-9).
26
Let m(s) = -137*s - 145. What is m(-8)?
951
Let g(k) = 6*k**3 - 447*k**2 - 688*k + 34749. Determine g(75).
24
Let s(v) = -4*v**3 - 2*v**2 + 73*v - 1671. Give s(0).
-1671
Let o(x) = 8*x**3 - 206*x**2 - 18*x - 156. Determine o(26).
728
Let q(z) = -2*z**3 - 6*z**2 + 314*z - 2502. Calculate q(8).
-1398
Let a(u) = -3*u**2 - 2249*u - 39501. Calculate a(-18).
9
Let i(h) = -110152*h + 1101486. Give i(10).
-34
Let r(v) = -1046*v**2 + 23013*v - 19. Determine r(22).
3
Let g(z) = z**2 - 9059*z + 1918637. What is g(217)?
-77
Let n(j) = -5*j**2 + 106*j - 96. Determine n(17).
261
Let s(c) = c**3 - 96*c**2 + 1081*c - 396. Give s(83).
-230
Let u(w) = 2827*w + 7769. Calculate u(-3).
-712
Let h(b) = -b**3 + 308*b**2 - 2978*b - 618. What is h(298)?
-22
Let w(b) = -b**3 + 822*b**2 + 17680*b - 550. Calculate w(-21).
-67
Let q(n) = n**2 - 1805*n + 7096. Determine q(4).
-108
Let z(o) = 49*o**3 + 20*o + 33. Determine z(-2).
-399
Let l(s) = -3*s**3 - 446*s**2 - 1182*s - 2037. Determine l(-146).
7
Let x(s) = s**2 + 22577*s - 180676. What is x(8)?
4
Let p(n) = -5*n**2 + 163*n + 940. Determine p(-5).
0
Let h(r) = 20*r**2 - 2100*r - 4435. Give h(107).
-155
Let u(a) = -74701*a - 821450. What is u(-11)?
261
Let s(z) = -283*z + 75022. What is s(265)?
27
Let l(c) = -8525*c**2 - 494449*c + 33. Determine l(-58).
-25
Let c(z) = z**2 + 863*z + 133099. Calculate c(-201).
37
Let n(b) = 66733*b + 66778. Determine n(-1).
45
Let k(p) = p**3 - 14*p**2 - 377*p + 5511. Give k(16).
-9
Let q(a) = 143*a + 1051. What is q(-7)?
50
Let w(t) = -83*t + 2829. Give w(95).
-5056
Let h(t) = t**3 + 373*t**2 - 4668*t - 18488. Calculate h(-385).
-8
Let z(w) = -w**3 + 3*w**2 + 22165*w - 66502. Give z(3).
-7
Let l(y) = -2*y**2 + 334*y + 3491. What is l(-11)?
-425
Let l(x) = 6*x**3 + 355*x**2 + 276*x - 7541. Determine l(-58).
-1
Let m(z) = 5344*z - 16098. Give m(3).
-66
Let m(i) = -5*i**2 - 5463*i + 10909. Give m(2).
-37
Let m(t) = -29*t**2 + 84*t + 389. Give m(-6).
-1159
Let u(v) = -24583*v + 49147. What is u(2)?
-19
Let c(y) = -y**3 + 321*y + 265. What is c(0)?
265
Let l(f) = -2*f**3 + 319*f**2 - 10760*f - 585. Determine l(111).
192
Let n(r) = -892*r - 61142. Give n(-63).
-4946
Let v(b) = -170*b - 40133. Calculate v(-237).
157
Let h(r) = -5*r**2 - 520*r - 4100. Give h(-8).
-260
Let g(n) = -2*n**3 + 111*n**2 - 266*n + 96. Determine g(2).
-8
Let m(v) = -15*v**2 + 219*v - 2406. Calculate m(10).
-1716
Let u(z) = -1009*z - 1413. Determine u(-1).
-404
Let l(y) = 33919*y - 339233. Calculate l(10).
-43
Let v(x) = -145*x - 444. Give v(-1).
-299
Let p(v) = 4*v**2 - 753*v + 5338. Calculate p(181).
89
Let y(t) = -2*t**3 - 39*t**2 - 54*t + 3. Give y(-18).
3
Let l(p) = p**3 - 841*p**2 + 14812*p + 1644. Give l(823).
-2
Let g(i) = 47*i**2 - 805*i - 1678. Determine g(19).
-6
Let l(c) = 3*c**3 - 693*c**2 + 2026*c + 5923. Calculate l(228).
-5
Let y(n) = -48*n - 677. Give y(25).
-1877
Let b(o) = o**3 - 127*o**2 - 184*o + 7212. Calculate b(128).
44
Let z(o) = -7180*o**2 - 107743*o - 639. Determine z(-15).
6
Let g(l) = 11983*l - 47812. Calculate g(4).
120
Let w(s) = -35543*s + 1990384. What is w(56)?
-24
Let c(d) = 4*d**3 - 11*d**2 + 43*d - 18. Determine c(4).
234
Let m(a) = -2*a**3 + 27*a**2 - 94*a + 1720. Give m(16).
-1064
Let v(f) = -898*f + 9732. Give v(11).
-146
Let c(p) = -p**2 - 853*p - 159179. Give c(-275).
-229
Let u(r) = 495*r - 27152. Determine u(64).
4528
Let r(p) = -8*p**2 + 9784*p - 106677. Determine r(11).
-21
Let v(s) = s**3 + 22*s**2 - 714*s - 16110. What is v(-23)?
-217
Let y(r) = -14*r**3 + 919*r**2 + 323*r + 352. What is y(66)?
-110
Let p(y) = 1202*y + 88940. Determine p(-74).
-8
Let f(g) = -25*g**2 - 264*g - 397. Give f(-2).
31
Let r(f) = 8965*f - 510996. What is r(57)?
9
Let v(k) = k**3 + 100*k**2 + 2505*k + 238. Calculate v(-50).
-12
Let q(u) = u**3 + 55*u**2 + 757*u - 178. What is q(-24)?
-490
Let z(p) = -660*p - 5680. Determine z(-8).
-400
Let i(q) = -q**2 + 514162*q + 1542474. Determine i(-3).
-21
Let l(r) = -7679*r + 53729. Determine l(7).
-24
Let c(z) = -z**3 - 34*z**2 + 118*z + 363. Calculate c(-37).
104
Let b(g) = -g**3 - 64*g**2 - 245*g - 269. Determine b(-60).
31
Let a(p) = 92849*p + 1392730. Determine a(-15).
-5
Let x(o) = 8*o**2 + 621*o + 1076. Give x(-76).
88
Let l(i) = -6*i**2 + 73*i - 256. Determine l(4).
-60
Let c(v) = 1596*v + 6111. Calculate c(-4).
-273
Let b(i) = -716*i - 15282. What is b(-18)?
-2394
Let g(r) = 2107*r + 8394. Calculate g(-4).
-34
Let a(q) = 2561*q - 2901764. Give a(1133).
-151
Let k(a) = 5*a**3 + 5*a**2 + 21*a - 41. Determine k(0).
-41
Let c(a) = -2018*a + 12091. Give c(6).
-17
Let b(q) = -q**3 + 3*q**2 + 84*q + 246. What is b(-6)?
66
Let f(m) = -42*m**3 + 505*m**2 - 44*m. What is f(12)?
-384
Let d(s) = 3*s**3 - 5*s**2 - 99*s - 868. Determine d(-8).
-1932
Let x(k) = -k**3 + 7*k**2 + 5695*k - 39864. Give x(7).
1
Let k(c) = 2*c**3 + 807*c**2 + 2404*c - 11. What is k(-3)?
-14
Let r(j) = -1481*j + 7225. Calculate r(5).
-180
Let v(k) = -1613*k + 173914. What is v(108)?
-290
Let g(f) = -541466*f + 4873180. Calculate g(9).
-14
Let d(v) = -91*v**2 - 3088*v + 134. Calculate d(-34).
-70
Let a(x) = 220*x**3 - 149*x**2 - 2*x - 3. Determine a(1).
66
Let c(b) = b**3 - 1252*b**2 - 12643*b + 29041. Give c(1262).
15
Let y(c) = 18*c - 597. What is y(-18)?
-921
Let b(n) = 4*n**2 + 1659*n - 16990. Give b(10).
0
Let k(p) = 1268*p + 314453. Determine k(-248).
-11
Let b(u) = -6*u**2 - 47*u + 86. Determine b(13).
-1539
Let w(c) = c**2 + 91*c + 26. What is w(-92)?
118
Let z(h) = 984*h - 37230. Determine z(38).
162
Let m(t) = 1737*t 